onvert 103310 (base 5) to base 12.
20a4
Convert 300 (base 11) to base 2.
101101011
What is -1266 (base 14) in base 5?
-100401
3184 (base 9) to base 2
100100101000
What is 1100001001010 (base 2) in base 3?
22112022
What is -275 (base 14) in base 5?
-3440
What is -2002011212 (base 3) in base 10?
-40955
-3a (base 13) to base 6
-121
Convert -502 (base 10) to base 15.
-237
Convert 4476 (base 12) to base 9.
11350
11467 (base 10) to base 2
10110011001011
Convert -10 (base 10) to base 5.
-20
What is -131 (base 16) in base 6?
-1225
What is 8335 (base 13) in base 12?
a5a7
-513 (base 6) to base 14
-d7
What is 657 (base 14) in base 15?
588
Convert -420300 (base 7) to base 16.
-119f1
-2112 (base 7) to base 2
-1011101000
What is -2020 (base 9) in base 6?
-10500
Convert 18364 (base 12) to base 3.
1210002211
-21 (base 11) to base 6
-35
10000001101 (base 2) to base 15
492
What is -1a96 (base 16) in base 5?
-204211
What is 2750 (base 14) in base 15?
20c0
Convert 267 (base 9) to base 4.
3133
What is 5bc (base 16) in base 15?
67d
Convert 621 (base 8) to base 15.
1bb
What is 3114 (base 5) in base 9?
504
Convert -13226 (base 7) to base 11.
-2736
Convert -2aa (base 12) to base 11.
-350
What is -101334 (base 5) in base 3?
-11120212
Convert 211 (base 7) to base 15.
71
What is 230242 (base 5) in base 3?
102020121
2222211211 (base 3) to base 5
3341221
1011111101111110 (base 2) to base 7
262631
Convert -12112 (base 4) to base 10.
-406
Convert 6041 (base 11) to base 9.
12013
Convert 301121 (base 4) to base 7.
12134
What is -1735 (base 13) in base 11?
-2633
-21c (base 15) to base 4
-13131
31331 (base 5) to base 14
a95
1c7 (base 14) to base 6
1415
20013 (base 6) to base 16
a29
-4542 (base 7) to base 4
-121233
2234 (base 8) to base 3
1121201
Convert -7055 (base 8) to base 9.
-4872
What is -240 (base 6) in base 12?
-80
Convert 34100 (base 6) to base 15.
1643
What is -201220 (base 4) in base 10?
-2152
-192d (base 14) to base 9
-6214
What is 398 (base 11) in base 15?
215
Convert -1621 (base 9) to base 5.
-14414
What is -18b (base 13) in base 16?
-11c
Convert 23031 (base 8) to base 4.
2120121
What is -914b (base 16) in base 9?
-56017
-1024124 (base 6) to base 8
-141764
cddd (base 16) to base 13
1acac
What is -112202 (base 3) in base 14?
-206
48b (base 14) to base 9
1217
What is -32424 (base 8) in base 4?
-3110110
Convert -122321 (base 4) to base 14.
-8ad
2d4 (base 14) to base 6
2402
2082 (base 12) to base 9
4778
Convert 1251 (base 16) to base 13.
2199
-1040 (base 6) to base 12
-180
-21023 (base 5) to base 10
-1388
10000100001010 (base 2) to base 11
639a
-2024 (base 12) to base 16
-d9c
What is -8b72 (base 13) in base 14?
-718c
11211121 (base 4) to base 10
22873
What is 31 (base 11) in base 3?
1021
390 (base 14) to base 5
10324
Convert 15b4 (base 13) to base 3.
11101010
-114a5 (base 14) to base 6
-522505
Convert -1101101100111 (base 2) to base 14.
-27b1
Convert -3462 (base 10) to base 13.
-1764
What is -1330 (base 8) in base 10?
-728
47933 (base 11) to base 7
405120
What is -2342 (base 5) in base 4?
-11123
354a (base 12) to base 2
1011101001010
Convert 4b18 (base 12) to base 2.
10000101000100
Convert 2300 (base 4) to base 14.
c8
Convert -333315 (base 6) to base 2.
-110110101001111
-10011100101 (base 2) to base 10
-1253
-526 (base 10) to base 11
-439
Convert 12064 (base 7) to base 5.
100013
1085 (base 10) to base 13
656
-1704 (base 8) to base 13
-592
-101030 (base 4) to base 11
-910
What is -11650 (base 7) in base 10?
-3073
What is 222330 (base 4) in base 3?
10202210
What is -114055 (base 7) in base 15?
-619a
What is -b701 (base 13) in base 6?
-313211
122030 (base 5) to base 10
4640
-24445 (base 6) to base 2
-111000101101
Convert 30014 (base 5) to base 8.
3534
Convert 5055 (base 10) to base 12.
2b13
Convert 1013314 (base 5) to base 15.
4e3e
Convert 4032 (base 6) to base 9.
1182
Convert -10110010110 (base 2) to base 16.
-596
Convert -180 (base 11) to base 9.
-252
Convert -735 (base 13) to base 8.
-2313
Convert -31142 (base 5) to base 6.
-13251
-656 (base 12) to base 13
-567
Convert -43010 (base 5) to base 9.
-3850
Convert -1d21 (base 14) to base 5.
-132241
What is 3042233 (base 5) in base 7?
264610
1043 (base 5) to base 7
301
Convert -1fc (base 16) to base 9.
-624
Convert -b3 (base 12) to base 2.
-10000111
Convert -28a (base 13) to base 2.
-111000100
Convert -34a (base 16) to base 15.
-3b2
Convert -3343 (base 5) to base 15.
-218
14a (base 16) to base 10
330
Convert -6024 (base 8) to base 12.
-1958
What is 1629 (base 12) in base 8?
5101
What is -1b9 (base 15) in base 5?
-3044
Convert -1333113 (base 6) to base 14.
-1d261
Convert -4420 (base 7) to base 15.
-707
What is 4503 (base 6) in base 4?
100113
What is -1220012 (base 3) in base 7?
-4013
What is -52653 (base 7) in base 15?
-3cd3
-123 (base 12) to base 9
-210
116b (base 13) to base 4
212113
-200303 (base 4) to base 13
-c56
Convert -331 (base 10) to base 12.
-237
What is 34234 (base 5) in base 6?
15152
12314 (base 5) to base 7
2540
Convert 420421 (base 5) to base 3.
201000101
Convert -b3b4 (base 12) to base 15.
-5c01
Convert -63523 (base 7) to base 16.
-3d51
What is -620 (base 7) in base 5?
-2213
Convert bd6 (base 15) to base 11.
2013
What is 302626 (base 7) in base 11?
356a7
Convert -20022010 (base 3) to base 4.
-1013301
Convert 1010021 (base 3) to base 6.
3441
-3732 (base 12) to base 13
-2ab3
Convert -4384 (base 13) to base 16.
-24bb
-1260 (base 7) to base 10
-483
-1104 (base 7) to base 3
-112200
What is 101110011111001 (base 2) in base 16?
5cf9
85 (base 12) to base 9
122
1b8b (base 15) to base 16
175d
12 (base 11) to base 7
16
What is 1bb (base 15) in base 16?
191
-11303 (base 4) to base 7
-1040
What is -3123010 (base 5) in base 13?
-1a667
Convert 201 (base 16) to base 10.
513
What is -2305 (base 13) in base 9?
-6651
What is 1be2 (base 16) in base 11?
53aa
Convert 1264 (base 8) to base 13.
413
What is -1 (base 15) in base 11?
-1
Convert 12032 (base 4) to base 2.
110001110
What is 1679 (base 12) in base 5?
41220
Convert 20223 (base 5) to base 11.
a94
Convert -165b0 (base 12) to base 10.
-31956
What is 200 (base 16) in base 8?
1000
-132313 (base 5) to base 15
-18a8
What is -101101121 (base 3) in base 9?
-11347
What is 332 (base 4) in base 16?
3e
Convert 1212310 (base 4) to base 2.
1100110110100
What is bc (base 15) in base 4?
2301
Convert 13672 (base 9) to base 8.
22123
Convert 121331 (base 4) to base 7.
4562
-100100010001 (base 2) to base 8
-4421
What is -11221011 (base 3) in base 10?
-3595
Convert -13306 (base 8) to base 3.
-21222221
What is -927 (base 12) in base 16?
-52f
Convert -1453 (base 6) to base 14.
-201
Convert -416a (base 14) to base 4.
-2300002
Convert -24241 (base 6) to base 11.
-2740
What is -220202 (base 3) in base 11?
-558
What is 3341 (base 6) in base 7?
2164
What is c253 (base 13) in base 15?
7dea
Convert 53600 (base 8) to base 10.
22400
-1012243 (base 5) to base 16
-40bd
-12d (base 15) to base 10
-268
Convert 3235 (base 6) to base 13.
452
What is 33451 (base 6) in base 9?
6414
What is -120112122 (base 3) in base 2?
-10110001000010
What is 4852 (base 9) in base 10?
3611
Convert -1244 (base 9) to base 3.
-1021111
Convert -33443 (base 6) to base 2.
-1001001100011
Convert 3322 (base 12) to base 3.
21201222
Convert 11000010101111 (base 2) to base 11.
9400
What is -85618 (base 9) in base 10?
-56636
Convert -775a (base 14) to base 8.
-50264
4836 (base 16) to base 10
18486
What is -380 (base 11) in base 13?
-289
What is 3220 (base 10) in base 13?
1609
Convert 27a (base 11) to base 13.
1c4
-678 (base 10) to base 2
-1010100110
Convert -10122322 (base 4) to base 14.
-6854
Convert -20aa9 (base 11) to base 6.
-353415
What is -18803 (base 10) in base 7?
-105551
Convert 17 (base 16) to base 13.
1a
-2111 (base 6) to base 7
-1246
-1105304 (base 6) to base 5
-3234444
Convert -1965 (base 16) to base 7.
-24645
Convert -1230 (base 6) to base 14.
-17c
Convert 121013 (base 4) to base 2.
11001000111
82 (base 11) to base 9
110
Convert -173 (base 8) to base 6.
-323
What is -1542 (base 15) in base 5?
-121222
154223 (base 6) to base 15
478c
What is -2450 (base 10) in base 9?
-3322
What is -10642 (base 7) in base 3?
-10201221
b77 (base 12) to base 10
1675
What is 9298 (base 12) in base 11?
10a96
What is -c7 (base 13) in base 10?
-163
W